{"id":57,"date":"2017-02-13T08:09:38","date_gmt":"2017-02-13T08:09:38","guid":{"rendered":"http:\/\/schuetzen-badwurzach.de\/?page_id=57"},"modified":"2017-02-13T11:36:38","modified_gmt":"2017-02-13T11:36:38","slug":"traingszeiten","status":"publish","type":"page","link":"http:\/\/schuetzen-badwurzach.de\/?page_id=57","title":{"rendered":"Traingszeiten"},"content":{"rendered":"<div align=\"center\">\n<h2><strong><u>\u00d6ffentliche Trainigszeiten<\/u><\/strong><\/h2>\n<p>Haben Sie Interesse am Schie\u00dfsport? Dann kommen Sie doch an einem unserer \u00f6ffentlichen Trainingstage vorbei.<\/p>\n<p>Neben Luftgewehr und Luftpistole bieten wir auch das KK-Gewehr und KK- Pistole sowie auch Gebrauchspistolen als Disziplin an. Neu im Programm ist jetzt auch das Bogenschiessen.<\/p>\n<p>&nbsp;<\/p>\n<h2>\u00d6ffentliche Trainingstage<\/h2>\n<\/div>\n<p>&nbsp;<\/p>\n<ul>\n<ul>\n<li>Dienstag ab 19.00 Uhr<\/li>\n<\/ul>\n<\/ul>\n<ul>\n<ul>\n<li>Mittwoch 16.30 &#8211; 19.00 Uhr (nur BOGENSCHIESSEN)<\/li>\n<\/ul>\n<\/ul>\n<ul>\n<ul>\n<li>Freitag ab 20.00 Uhr<\/li>\n<\/ul>\n<\/ul>\n<ul>\n<ul>\n<li>Sonntag 9.30 Uhr &#8211; 12.00 Uhr<\/li>\n<\/ul>\n<\/ul>\n<ul>\n<ul>\n<li>Sonntag 10.30 Uhr &#8211; 12.00 Uhr Bogenschiessen (nach Absprache)<\/li>\n<\/ul>\n<\/ul>\n<p>&nbsp;<\/p>\n<h2 style=\"text-align: center;\"><strong>Pflichtschiesstermine<\/strong><\/h2>\n<ul>\n<ul>\n<li><strong>LG &amp; LP:<\/strong> jeden 1. Freitag im Monat ab 20.00 Uhr<\/li>\n<\/ul>\n<\/ul>\n<ul>\n<ul>\n<li><strong>KK &amp; Zentralfeuer:<\/strong> jeden 3. Freitag im Monat ab 19.00 Uhr<\/li>\n<\/ul>\n<\/ul>\n<ul>\n<ul>\n<li><strong>Gebrauchspistole:\u00a0 <\/strong>jeden 2. Dienstag im Monat ab 20.00 Uhr<\/li>\n<\/ul>\n<\/ul>\n<p>&nbsp;<\/p>\n<p style=\"text-align: center;\">\n<p style=\"text-align: center;\">Auch f\u00fcr das leibliche Wohl wird Freitags gesorgt. Neben Getr\u00e4nken bieten wir deshalb auch Freitags kleinere Gerichte an.<\/p>\n<p style=\"text-align: center;\"><strong>Wir freuen uns auf Ihr Kommen!<\/strong><\/p>\n","protected":false},"excerpt":{"rendered":"<p>\u00d6ffentliche Trainigszeiten Haben Sie Interesse am Schie\u00dfsport? Dann kommen Sie doch an einem unserer \u00f6ffentlichen Trainingstage vorbei. Neben Luftgewehr und Luftpistole bieten wir auch das KK-Gewehr und KK- Pistole sowie auch Gebrauchspistolen als Disziplin an. Neu im Programm ist jetzt auch das Bogenschiessen. &nbsp; \u00d6ffentliche Trainingstage &nbsp; Dienstag ab 19.00 Uhr Mittwoch 16.30 &#8211; 19.00&hellip;<\/p>\n","protected":false},"author":1,"featured_media":0,"parent":0,"menu_order":0,"comment_status":"closed","ping_status":"closed","template":"","meta":[],"_links":{"self":[{"href":"http:\/\/schuetzen-badwurzach.de\/index.php?rest_route=\/wp\/v2\/pages\/57"}],"collection":[{"href":"http:\/\/schuetzen-badwurzach.de\/index.php?rest_route=\/wp\/v2\/pages"}],"about":[{"href":"http:\/\/schuetzen-badwurzach.de\/index.php?rest_route=\/wp\/v2\/types\/page"}],"author":[{"embeddable":true,"href":"http:\/\/schuetzen-badwurzach.de\/index.php?rest_route=\/wp\/v2\/users\/1"}],"replies":[{"embeddable":true,"href":"http:\/\/schuetzen-badwurzach.de\/index.php?rest_route=%2Fwp%2Fv2%2Fcomments&post=57"}],"version-history":[{"count":3,"href":"http:\/\/schuetzen-badwurzach.de\/index.php?rest_route=\/wp\/v2\/pages\/57\/revisions"}],"predecessor-version":[{"id":155,"href":"http:\/\/schuetzen-badwurzach.de\/index.php?rest_route=\/wp\/v2\/pages\/57\/revisions\/155"}],"wp:attachment":[{"href":"http:\/\/schuetzen-badwurzach.de\/index.php?rest_route=%2Fwp%2Fv2%2Fmedia&parent=57"}],"curies":[{"name":"wp","href":"https:\/\/api.w.org\/{rel}","templated":true}]}}