{"id":115,"date":"2017-02-13T10:47:17","date_gmt":"2017-02-13T10:47:17","guid":{"rendered":"http:\/\/schuetzen-badwurzach.de\/?page_id=115"},"modified":"2017-02-14T06:54:11","modified_gmt":"2017-02-14T06:54:11","slug":"bogenschiessen","status":"publish","type":"page","link":"http:\/\/schuetzen-badwurzach.de\/?page_id=115","title":{"rendered":"Bogenschiessen"},"content":{"rendered":"<p>Wir bieten, als j\u00fcngste Disziplin unseres Vereins, auch das Bogenschie\u00dfen an.<\/p>\n<p>Im Sommer wird dies im Freien praktiziert, im Winter ziehen wir uns in den Schie\u00dfstand im Keller zur\u00fcck.<\/p>\n<p>Es sind Recurve- B\u00f6gen f\u00fcr Erwachsene und auch f\u00fcr Jugendliche \/ Kinder als Leihger\u00e4te vorhanden.<\/p>\n<div id='gallery-1' class='gallery galleryid-115 gallery-columns-3 gallery-size-thumbnail'><figure class='gallery-item'>\n\t\t\t<div class='gallery-icon portrait'>\n\t\t\t\t<a href='http:\/\/schuetzen-badwurzach.de\/?attachment_id=218'><img width=\"150\" height=\"150\" src=\"http:\/\/schuetzen-badwurzach.de\/wp-content\/uploads\/2017\/02\/02-150x150.jpg\" class=\"attachment-thumbnail size-thumbnail\" alt=\"\" loading=\"lazy\" \/><\/a>\n\t\t\t<\/div><\/figure><figure class='gallery-item'>\n\t\t\t<div class='gallery-icon portrait'>\n\t\t\t\t<a href='http:\/\/schuetzen-badwurzach.de\/?attachment_id=219'><img width=\"150\" height=\"150\" src=\"http:\/\/schuetzen-badwurzach.de\/wp-content\/uploads\/2017\/02\/03-150x150.jpg\" class=\"attachment-thumbnail size-thumbnail\" alt=\"\" loading=\"lazy\" \/><\/a>\n\t\t\t<\/div><\/figure><figure class='gallery-item'>\n\t\t\t<div class='gallery-icon portrait'>\n\t\t\t\t<a href='http:\/\/schuetzen-badwurzach.de\/?attachment_id=220'><img width=\"150\" height=\"150\" src=\"http:\/\/schuetzen-badwurzach.de\/wp-content\/uploads\/2017\/02\/04-150x150.jpg\" class=\"attachment-thumbnail size-thumbnail\" alt=\"\" loading=\"lazy\" \/><\/a>\n\t\t\t<\/div><\/figure><figure class='gallery-item'>\n\t\t\t<div class='gallery-icon portrait'>\n\t\t\t\t<a href='http:\/\/schuetzen-badwurzach.de\/?attachment_id=221'><img width=\"150\" height=\"150\" src=\"http:\/\/schuetzen-badwurzach.de\/wp-content\/uploads\/2017\/02\/05-150x150.jpg\" class=\"attachment-thumbnail size-thumbnail\" alt=\"\" loading=\"lazy\" \/><\/a>\n\t\t\t<\/div><\/figure><figure class='gallery-item'>\n\t\t\t<div class='gallery-icon portrait'>\n\t\t\t\t<a href='http:\/\/schuetzen-badwurzach.de\/?attachment_id=222'><img width=\"150\" height=\"150\" src=\"http:\/\/schuetzen-badwurzach.de\/wp-content\/uploads\/2017\/02\/06-150x150.jpg\" class=\"attachment-thumbnail size-thumbnail\" alt=\"\" loading=\"lazy\" \/><\/a>\n\t\t\t<\/div><\/figure>\n\t\t<\/div>\n\n","protected":false},"excerpt":{"rendered":"<p>Wir bieten, als j\u00fcngste Disziplin unseres Vereins, auch das Bogenschie\u00dfen an. Im Sommer wird dies im Freien praktiziert, im Winter ziehen wir uns in den Schie\u00dfstand im Keller zur\u00fcck. Es sind Recurve- B\u00f6gen f\u00fcr Erwachsene und auch f\u00fcr Jugendliche \/ Kinder als Leihger\u00e4te vorhanden.<\/p>\n","protected":false},"author":1,"featured_media":0,"parent":0,"menu_order":0,"comment_status":"closed","ping_status":"closed","template":"","meta":[],"_links":{"self":[{"href":"http:\/\/schuetzen-badwurzach.de\/index.php?rest_route=\/wp\/v2\/pages\/115"}],"collection":[{"href":"http:\/\/schuetzen-badwurzach.de\/index.php?rest_route=\/wp\/v2\/pages"}],"about":[{"href":"http:\/\/schuetzen-badwurzach.de\/index.php?rest_route=\/wp\/v2\/types\/page"}],"author":[{"embeddable":true,"href":"http:\/\/schuetzen-badwurzach.de\/index.php?rest_route=\/wp\/v2\/users\/1"}],"replies":[{"embeddable":true,"href":"http:\/\/schuetzen-badwurzach.de\/index.php?rest_route=%2Fwp%2Fv2%2Fcomments&post=115"}],"version-history":[{"count":3,"href":"http:\/\/schuetzen-badwurzach.de\/index.php?rest_route=\/wp\/v2\/pages\/115\/revisions"}],"predecessor-version":[{"id":223,"href":"http:\/\/schuetzen-badwurzach.de\/index.php?rest_route=\/wp\/v2\/pages\/115\/revisions\/223"}],"wp:attachment":[{"href":"http:\/\/schuetzen-badwurzach.de\/index.php?rest_route=%2Fwp%2Fv2%2Fmedia&parent=115"}],"curies":[{"name":"wp","href":"https:\/\/api.w.org\/{rel}","templated":true}]}}