{"id":103,"date":"2017-02-13T10:39:11","date_gmt":"2017-02-13T10:39:11","guid":{"rendered":"http:\/\/schuetzen-badwurzach.de\/?page_id=103"},"modified":"2017-02-14T06:48:42","modified_gmt":"2017-02-14T06:48:42","slug":"luftdruckdisziplinen","status":"publish","type":"page","link":"http:\/\/schuetzen-badwurzach.de\/?page_id=103","title":{"rendered":"Luftdruckdisziplinen"},"content":{"rendered":"<h2 style=\"text-align: center;\">Luftgewehr<\/h2>\n<p><img loading=\"lazy\" class=\"wp-image-216 alignleft\" src=\"http:\/\/schuetzen-badwurzach.de\/wp-content\/uploads\/2017\/02\/normal_DSC02165.jpg\" alt=\"\" width=\"352\" height=\"264\" srcset=\"http:\/\/schuetzen-badwurzach.de\/wp-content\/uploads\/2017\/02\/normal_DSC02165.jpg 899w, http:\/\/schuetzen-badwurzach.de\/wp-content\/uploads\/2017\/02\/normal_DSC02165-300x225.jpg 300w, http:\/\/schuetzen-badwurzach.de\/wp-content\/uploads\/2017\/02\/normal_DSC02165-768x576.jpg 768w\" sizes=\"(max-width: 352px) 100vw, 352px\" \/>Wir schie\u00dfen mit Pre\u00dfluftgewehren 4,5mm Diabolos auf ein Entfernung auf 10 Meter. Das Luftgewehr ist eine freie Waffe, welches ab einem Alter von 18 Jahren besessen werden darf. Es ist keine Waffenbesitzkarte n\u00f6tig.<\/p>\n<p>Kinder und Jugendliche k\u00f6nnen mit dem Einverst\u00e4ndnis der Eltern, an unserem Jugendtraining Dienstags ab 18.00 Uhr teilnehmen.<\/p>\n<p>Beim Luftgewehr schie\u00dfen kommt es auf die innere Ruhe und Konzentration an. Dadurch f\u00f6rdert diese Disziplin positiv die K\u00f6rperbeherrschung und wird sogar als Therapie f\u00fcr diverse Erkrankungen genutzt.<\/p>\n<p>Kinder sowie Senioren k\u00f6nnen in der Disziplin &#8222;AUFLAGE&#8220; antreten. Hierbei wird das Gewehr auf einen Federbock aufgelegt, um mangelnde Kraft zu kompensieren.<\/p>\n<p>&nbsp;<\/p>\n<h2 style=\"text-align: center;\">Luftpistole<\/h2>\n<p>&nbsp;<\/p>\n<p><img loading=\"lazy\" class=\"wp-image-215 alignleft\" src=\"http:\/\/schuetzen-badwurzach.de\/wp-content\/uploads\/2017\/02\/normal_DSC02172.jpg\" alt=\"\" width=\"353\" height=\"264\" srcset=\"http:\/\/schuetzen-badwurzach.de\/wp-content\/uploads\/2017\/02\/normal_DSC02172.jpg 899w, http:\/\/schuetzen-badwurzach.de\/wp-content\/uploads\/2017\/02\/normal_DSC02172-300x225.jpg 300w, http:\/\/schuetzen-badwurzach.de\/wp-content\/uploads\/2017\/02\/normal_DSC02172-768x576.jpg 768w\" sizes=\"(max-width: 353px) 100vw, 353px\" \/>Genau wie beim Luftgewehr wird auch bei der Luftpistole auf eine Entfernung von 10m geschossen. Die Luftpistole ist ebenfalls eine freie Waffe, welche keine Waffenbesitzkarte erfordert und ab 18 Jahren erwerbbar ist.<\/p>\n","protected":false},"excerpt":{"rendered":"<p>Luftgewehr Wir schie\u00dfen mit Pre\u00dfluftgewehren 4,5mm Diabolos auf ein Entfernung auf 10 Meter. Das Luftgewehr ist eine freie Waffe, welches ab einem Alter von 18 Jahren besessen werden darf. Es ist keine Waffenbesitzkarte n\u00f6tig. Kinder und Jugendliche k\u00f6nnen mit dem Einverst\u00e4ndnis der Eltern, an unserem Jugendtraining Dienstags ab 18.00 Uhr teilnehmen. Beim Luftgewehr schie\u00dfen kommt&hellip;<\/p>\n","protected":false},"author":1,"featured_media":0,"parent":0,"menu_order":0,"comment_status":"closed","ping_status":"closed","template":"","meta":[],"_links":{"self":[{"href":"http:\/\/schuetzen-badwurzach.de\/index.php?rest_route=\/wp\/v2\/pages\/103"}],"collection":[{"href":"http:\/\/schuetzen-badwurzach.de\/index.php?rest_route=\/wp\/v2\/pages"}],"about":[{"href":"http:\/\/schuetzen-badwurzach.de\/index.php?rest_route=\/wp\/v2\/types\/page"}],"author":[{"embeddable":true,"href":"http:\/\/schuetzen-badwurzach.de\/index.php?rest_route=\/wp\/v2\/users\/1"}],"replies":[{"embeddable":true,"href":"http:\/\/schuetzen-badwurzach.de\/index.php?rest_route=%2Fwp%2Fv2%2Fcomments&post=103"}],"version-history":[{"count":3,"href":"http:\/\/schuetzen-badwurzach.de\/index.php?rest_route=\/wp\/v2\/pages\/103\/revisions"}],"predecessor-version":[{"id":217,"href":"http:\/\/schuetzen-badwurzach.de\/index.php?rest_route=\/wp\/v2\/pages\/103\/revisions\/217"}],"wp:attachment":[{"href":"http:\/\/schuetzen-badwurzach.de\/index.php?rest_route=%2Fwp%2Fv2%2Fmedia&parent=103"}],"curies":[{"name":"wp","href":"https:\/\/api.w.org\/{rel}","templated":true}]}}